5. What is the tens digit of v(x)?
1
Let p = -3 - -5. Suppose 2*h + 4*z - 47 = -h, h = p*z + 29. What is the tens digit of h?
2
Let l(r) = -6*r - 10. Suppose -120 = -5*a + a. Suppose -n - a = 4*n. What is the tens digit of l(n)?
2
Let b = -78 - -83. Let s(a) = -a**3 + 5*a**2 + 5*a - 15. What is the tens digit of s(b)?
1
What is the hundreds digit of -55*(-1)/20*(3 + 289)?
8
Let n = 80 - 14. Let o = n + -11. What is the units digit of o?
5
Suppose 0*z + 8 = 4*z. Suppose 3*g = -z*v + 309, -5*g = -0*g - v - 528. Let k = g - 73. What is the tens digit of k?
3
Let y(b) = -14*b - 8. Let d be y(7). Let u = -70 - d. What is the units digit of u/(-10)*120/(-9)?
8
Let w(q) = -q**3 + 5*q**2 - 8*q + 4. Let d be w(5). Let m = d + 41. Suppose -m*c = -3*c - 62. What is the tens digit of c?
3
Let k(t) = 112*t - 100. What is the tens digit of k(7)?
8
Suppose -14*g + 1996 = -15266. What is the tens digit of g?
3
Let c = -17 + 16. Let a be 4 + (-24)/c + 2. Suppose 3*j = -2*j + a. What is the units digit of j?
6
Let a = 779 + 754. What is the tens digit of a?
3
Let o(p) = -2 + 0*p**2 + 0 - p - p**3 + 4*p**2. Let u be 7/2 - 2/4. What is the units digit of o(u)?
4
Let j(p) = 3*p**2 - 3*p**2 + 2*p**2 - 8*p - 1. What is the tens digit of j(-6)?
1
Let b(d) = 7*d + 205*d**2 - 7*d + 0*d. What is the tens digit of b(1)?
0
Suppose -8*q + 5*q = 15. Let d = 27 - q. Let j = d - -10. What is the units digit of j?
2
Let x(b) = b**2 - 14*b + 5. Let i be x(14). Suppose -i*l + 15 = -4*l. What is the tens digit of l?
1
What is the tens digit of (-640)/80 - 303*(-18 - 1)?
4
Suppose -3*l + 2231 = -1180. What is the units digit of l?
7
Let p = 55 + -20. Let m be (-8)/(-1*(0 - 1)). Let b = m + p. What is the units digit of b?
7
Let i be ((-6)/21)/(5/(-70)). Suppose -2*p + 3 = 3*u + 2, 5*p = i*u + 14. Suppose p*r + 12 = 68. What is the units digit of r?
8
Suppose 8 = 4*y + 3*q, -3*y = -8*y + 4*q + 41. Suppose p = -y + 76. What is the units digit of p?
1
Let i = 1191 - 288. What is the units digit of i?
3
Suppose -13*u = -20988 - 7313. What is the thousands digit of u?
2
What is the units digit of (-6)/(-3) - (9 + -377)?
0
Suppose 5*v = 2*v + 9. Suppose 2*p - v*l + 26 - 264 = 0, p - 120 = 2*l. What is the tens digit of p?
1
Let v = -911 + 1817. What is the units digit of v?
6
Let a = 4 + 0. Suppose -5*d = 3*c - 22, c - 8 = -4*d + a. What is the units digit of 17 - (0 - (c + -1))?
0
Let h be 18/4*2/3. Let b be 2/3 - (-32)/24. Suppose 3*k - 68 = b*w + 5, k - 17 = -h*w. What is the units digit of k?
3
Suppose -5*f - 1 = -81. Suppose -5*c + f = 3*t, 5*c - 14 - 11 = 0. What is the units digit of t*(3 - 39/9)?
4
Let f = -2079 - -4549. What is the tens digit of f?
7
Let k(d) = 21*d**2 + 6. What is the units digit of k(-4)?
2
Suppose 2*z - 9 + 3 = 0. Suppose z*v + 2*y + 0*y = 269, -5*v = -y - 444. What is the tens digit of v?
8
Let v = -50 - -30. What is the units digit of 18/8*v/(-5)?
9
Suppose 5*q - 10 = -2*v, v + 2*v - 15 = 5*q. Suppose 0 = 2*r + v*r - 133. What is the tens digit of r?
1
Let x(d) = -85*d. Let c(h) = 5*h. Let z(l) = -35*c(l) - 2*x(l). What is the units digit of z(-1)?
5
Let s be 4276/12 - 1/3. Suppose -3*g - 11 + s = 0. Suppose 5*x = -5*d - 10 + g, 0 = -d - 3*x + 27. What is the tens digit of d?
1
Let v be 3/(3*(-3)/480). Let b = v - -268. What is the tens digit of b?
0
Suppose -l + 3*v = -1772, -3*v = -3*l - 6*v + 5280. What is the hundreds digit of l?
7
Let k be 16*(32 + (1 - -2)). Suppose -a + k = 6*a. What is the units digit of a?
0
Suppose -5*z + 2*z = n - 507, 0 = -2*n - 3*z + 999. What is the tens digit of n?
9
What is the tens digit of 83/(((-8)/12)/(10/(-3)))?
1
Let j = 1121 - 590. What is the units digit of j?
1
Let l = 3966 - 2319. What is the thousands digit of l?
1
Suppose -m + w = -3*m + 67, 4*m - 3*w = 159. Suppose 0 = 11*h - 7*h - m. Let y = h + 6. What is the tens digit of y?
1
Suppose 31*q + 5*a - 2256 = 30*q, -3*q = 3*a - 6828. What is the thousands digit of q?
2
Let n(x) = x + 7. Let y be n(-6). Suppose -l + y = -1. Suppose -2*v + 26 = -5*r - 18, 0 = -l*v + 3*r + 44. What is the units digit of v?
2
Suppose -5*b = -22*b + 14484. What is the units digit of b?
2
Let i(v) = 172*v**2 + 48*v + 82. What is the units digit of i(-2)?
4
Suppose 0 = 2*a - w - 6028, 5*a - 2*w - 9484 - 5586 = 0. What is the thousands digit of a?
3
What is the units digit of (10629/6)/((-51)/(-34))?
1
Suppose -16 = -4*h + 4*f, 2*f = -5*h - 0*f + 20. Let a be (-1 - -4)/(6/(-4)). What is the units digit of a + 6 - h - -41?
1
Let d(a) = a**3 + 6*a**2 - 16*a + 3. Let x be d(-8). Suppose -560 = -4*l + 3*k, -k - x*k - 560 = -4*l. What is the hundreds digit of l?
1
What is the tens digit of 104/5*875/70?
6
Let u(n) = n**3 - 3*n**2 - 2*n - 5. Let l be u(4). Let a = l - 15. Let x = -1 - a. What is the tens digit of x?
1
Suppose -6 = -4*b + 2*b, -b + 18 = 5*z. Suppose -8 = -z*t + 4. Suppose 0 = -t*q + 2 + 2. What is the units digit of q?
1
Suppose 0 = 2*u + 4*o + 12, 0*o = -u + 5*o - 6. Let q(p) = p**2 - 5*p + 20. What is the tens digit of q(u)?
8
Let t = -13 + 15. Let x(u) = 5*u**3 - 3 - 3*u + 2 + u. What is the units digit of x(t)?
5
Let t(u) be the third derivative of -u**5/60 - 11*u**4/12 + 29*u**3/6 + 18*u**2. What is the units digit of t(-10)?
9
Let p(d) = -132*d - 407. What is the thousands digit of p(-26)?
3
Let y = -4 + 8. Suppose 2*w - y = 12. What is the units digit of w?
8
Suppose 9*n + 2*q - 5215 = 4*n, -4*q = -3*n + 3129. What is the units digit of n?
3
Let l be 98/(-8) + 2/8. Suppose -10*i - 295 + 25 = 0. Let v = l - i. What is the tens digit of v?
1
Let p(m) = 30*m + 9. Let o(y) = 15*y + 5. Let w(r) = 3*r + 1. Let s(k) = 4*o(k) - 22*w(k). Let a(n) = 4*p(n) + 21*s(n). What is the tens digit of a(-4)?
1
Suppose -3*q = -321 + 24. Let x = q - 71. What is the tens digit of x?
2
Let h(b) = -18*b**3 + 3*b**2 + 4*b + 5. Suppose -2*r + 2*v - 12 = -2*v, -4 = r - v. What is the units digit of h(r)?
3
What is the thousands digit of (-5 - -5377) + 1/(-3)*-15?
5
Let f be 6/(-7)*651/(-62). Suppose -f = -q + 92. What is the hundreds digit of q?
1
What is the hundreds digit of 7 + 5760/(-1 + 9)?
7
Suppose -1516 = -21*m + 53462. What is the units digit of m?
8
Suppose -2*z = -2 + 2. What is the units digit of (-3 - 1 - (z + 137))/(-1)?
1
Let g = 5755 - 3374. What is the hundreds digit of g?
3
Suppose 1965 - 21673 = -26*z. What is the hundreds digit of z?
7
Let t(s) = s**2 + 10*s + 4. Let z be t(-10). Suppose 265 = z*n + 5*v, 2*n + 2*v = 5*v + 149. What is the units digit of n?
0
Let p be (134/3)/(-4 + (-70)/(-15)). Let a = 2 + p. What is the units digit of a?
9
Let i(v) = 39*v**2 + 58*v + 1. What is the tens digit of i(7)?
1
Let p = -335 - -1594. What is the thousands digit of p?
1
Let s(h) = -56*h**3 - h**2 - h. Let v be -2 + 1/(-4)*-4. Let u be s(v). Suppose 2*p = 6*p - u. What is the tens digit of p?
1
Suppose -203 = 14*j + 7. What is the tens digit of (68/10)/((-6)/j)?
1
Let b(h) = -h**2 + 3*h - 2. Let r be b(6). Let j be (-2)/9 - r/9. Suppose 24 = -j*g + 6*g. What is the units digit of g?
6
Suppose -5*b = 5*y + 45, 5*b + 0*y - 3*y = -21. Let g = b - -42. What is the units digit of g?
6
Let i(x) = -93*x - 251. What is the hundreds digit of i(-10)?
6
Let c(q) = -2*q**3 + 6*q**2 - q - 5. Let v(m) = -2*m**3 + 6*m**2 - m - 4. Let u(b) = 5*c(b) - 6*v(b). What is the hundreds digit of u(6)?
2
Suppose 3*u = 5*v + 6 + 22, -2*v - 72 = -5*u. Suppose -2*h + 3 + 109 = 4*n, 0 = -3*n + 15. Let m = h - u. What is the tens digit of m?
3
Let t(i) = 35*i**3 + i**2 - i. What is the tens digit of t(1)?
3
Let a be (-1160)/(-45) + 6/27. Let g = 36 - a. What is the units digit of g?
0
Let s(z) = 3*z + 33. Let k be s(-10). Let c = -48 - -138. Suppose 6*a = k*a + c. What is the units digit of a?
0
Suppose 2*v = 5*j + 77, -2*v + 57 = -4*j - 5*v. Let b = -859 - -901. Let g = j + b. What is the units digit of g?
7
Let b(m) = -m**2 + 1. Let j(p) = -18*p**2 - 7. Let u(n) = -4*b(n) - j(n). Let g be u(-2). Let q = g + -43. What is the tens digit of q?
4
Suppose -28*l - 1587 = -4079. What is the units digit of l?
9
Let m(b) = -3*b. Suppose -4*t - t - 2*c + 21 = 0, -5*c = t + 5. Suppose 4*u + 1 = -t*z - 21, 4*u + 10 = z. What is the units digit of m(u)?
9
Let b(t) = 14*t**3 - 3*t**2 + t - 2. Let s be b(2). Suppose -22 = -2